37*v**2 + 145*v - 1227. Calculate l(-80).
6373
Let z(x) = -27*x**2 + 107*x + 225. Give z(-2).
-97
Let c(h) = 32940*h + 395244. Determine c(-12).
-36
Let q(s) = -356568*s - 6061634. What is q(-17)?
22
Let u(g) = -2*g**3 - 17*g**2 + 6891*g + 55201. What is u(-8)?
9
Let n(v) = 14*v**2 - 849*v + 12343. Calculate n(24).
31
Let g(j) = -956*j - 180025. What is g(-189)?
659
Let u(n) = -398*n**2 + 20302*n - 227. Give u(51).
-23
Let u(k) = -287*k - 109969. Calculate u(-383).
-48
Let j(m) = -122*m**3 + 1633*m**2 - 612*m + 7. Calculate j(13).
-6
Let k(g) = 860*g + 32426. What is k(-38)?
-254
Let c(l) = 274*l + 836. What is c(7)?
2754
Let y(c) = -14122*c - 197653. Calculate y(-14).
55
Let l(r) = 2*r**2 - 71*r - 2177. Calculate l(55).
-32
Let m(r) = r**2 + 143*r - 594. What is m(4)?
-6
Let o(g) = 2*g**3 + 163*g**2 + 72*g - 1083. Give o(-81).
-354
Let j(t) = -2*t**2 - 159*t - 490. What is j(-9)?
779
Let i(o) = -o**3 + 51*o**2 + 31*o - 146. Determine i(51).
1435
Let r(j) = 147*j + 2456. What is r(0)?
2456
Let t(c) = -180*c**2 + 1451*c - 35. Calculate t(8).
53
Let t(p) = p**3 + 6*p**2 - 451*p - 3808. Calculate t(-9).
8
Let i(z) = z**3 - 186*z**2 - 18170*z + 5468. Calculate i(-71).
1
Let u(r) = -r**3 + 22*r**2 + 145*r - 723. What is u(27)?
-453
Let s(y) = y**3 - 1004*y**2 - 99648*y - 278. Calculate s(-91).
-5
Let l(o) = o**3 + 213*o**2 + 50*o + 10927. Calculate l(-213).
277
Let a(y) = -2*y**3 + 138*y**2 + 323*y + 91. Give a(-2).
13
Let o(z) = -z**3 - 140*z**2 - 1490*z + 550. Calculate o(-12).
-2
Let j(q) = 2*q**2 + 86445*q + 691423. What is j(-8)?
-9
Let a(u) = u**2 - 110*u - 2478. What is a(-20)?
122
Let z(r) = 3*r**2 - 260*r - 464. What is z(77)?
-2697
Let b(o) = -o**3 + 15*o**2 + 139*o - 2077. Calculate b(13).
68
Let p(v) = -2*v**2 + 412*v - 11206. Determine p(174).
-70
Let a(j) = 12*j**3 - 164*j**2 + 106*j - 2268. Calculate a(14).
0
Let b(p) = 37*p**3 + 5*p**2 - 7*p + 1. Determine b(3).
1024
Let s(p) = -p**3 - 298*p**2 + 369*p + 109955. Give s(-298).
-7
Let s(b) = -2*b**3 - 48*b**2 + 143*b + 4116. Determine s(9).
57
Let g(a) = -7766*a + 38853. What is g(5)?
23
Let i(t) = 2*t**3 - 86*t**2 - 1595*t + 53. What is i(57)?
110
Let y(c) = -290605*c - 2906042. Calculate y(-10).
8
Let x(i) = -29826*i - 19237776. Give x(-645).
-6
Let i(v) = -7551*v - 256622. Give i(-34).
112
Let f(x) = 2*x**3 - 7*x**2 - 45*x + 1115. Give f(-9).
-505
Let u(c) = 15*c + 2131. What is u(-80)?
931
Let w(x) = 26*x + 32. Give w(39).
1046
Let w(p) = 19*p**3 + 13*p**2 - 55*p + 87. Calculate w(3).
552
Let b(j) = -973*j - 83. Give b(1).
-1056
Let v(o) = -209*o**3 + 4*o**2 - 104*o - 278. Give v(-3).
5713
Let l(m) = -m**3 + 19*m**2 - 11*m - 392. What is l(17)?
-1
Let t(x) = -3*x**3 + 30*x**2 - 46*x - 31. What is t(6)?
125
Let y(t) = -t**3 - 125*t**2 - 2028*t - 52621. Give y(-111).
-7
Let u(o) = -5106*o - 1024. Calculate u(0).
-1024
Let l(o) = 272*o**2 - 85403*o - 1581. Calculate l(314).
-11
Let f(v) = 6*v**2 - 689*v - 285. What is f(115)?
-170
Let n(w) = 39381*w + 748530. What is n(-19)?
291
Let i(o) = -3*o**2 - 57*o + 329. Give i(6).
-121
Let x(z) = -273*z + 70503. Calculate x(258).
69
Let x(d) = 1500*d + 333133. Determine x(-222).
133
Let o(a) = 1378*a + 14290. Give o(-10).
510
Let l(f) = 5*f**3 + 132*f**2 - 72*f + 50. Give l(-27).
-193
Let f(i) = 413*i**2 - 38393*i - 1489. Give f(93).
-1
Let s(z) = 1758*z**2 - 1680*z - 2. Calculate s(1).
76
Let h(i) = 10869*i - 684772. Determine h(63).
-25
Let s(h) = -5345*h - 15867. Determine s(-3).
168
Let b(v) = -7*v**2 + 506*v - 11191. Calculate b(23).
-3256
Let w(l) = l**3 - 838*l**2 - 56*l + 46912. What is w(838)?
-16
Let h(g) = -g**2 - 2376*g + 2375578. What is h(758)?
6
Let m(l) = 50354*l + 302087. Determine m(-6).
-37
Let c(k) = 261325*k - 2613312. Determine c(10).
-62
Let u(l) = -2*l**2 + 334*l - 13414. Determine u(92).
386
Let s(l) = -45*l - 3061. Determine s(-63).
-226
Let a(v) = -3*v**3 + 19*v**2 + 51*v - 274. Give a(6).
68
Let q(d) = -14*d - 99. Determine q(-4).
-43
Let p(i) = -1456*i + 30007. Calculate p(21).
-569
Let s(j) = 3*j**3 - 201*j**2 - 37*j + 2461. What is s(67)?
-18
Let c(l) = -4*l**3 - 40*l**2 - 197*l - 1444. Determine c(-9).
5
Let a(w) = -383*w**2 - 542*w + 395. Determine a(-2).
-53
Let p(a) = 21*a**3 - 22*a**2 - 152*a + 169. Determine p(3).
82
Let c(a) = -a**3 + 30*a**2 + 9*a + 4866. Calculate c(35).
-944
Let j(g) = -g**2 - 136*g - 3094. What is j(-29)?
9
Let v(j) = -6*j**2 - 2791*j + 16813. Calculate v(6).
-149
Let w(o) = 15*o**2 - 4257*o - 12756. Determine w(-3).
150
Let g(q) = -53477*q**2 + 588245*q - 27. Determine g(11).
-49
Let q(u) = 2*u**2 - 4474*u + 67204. What is q(15)?
544
Let s(b) = -4*b**2 - 489*b + 3913. Give s(8).
-255
Let h(z) = 98*z**2 + 1411*z - 86. What is h(-14)?
-632
Let k(h) = -3*h**3 + 129*h**2 - 986*h + 36125. What is k(42)?
5
Let c(t) = 720*t + 44690. Give c(-62).
50
Let r(m) = 9507*m + 66556. Give r(-7).
7
Let u(f) = -2*f**3 - 86*f**2 - 487*f - 3. What is u(-6)?
255
Let a(n) = 234*n + 25778. Calculate a(-110).
38
Let f(w) = -9*w**2 + 2748*w + 76464. Give f(331).
3
Let x(d) = 29185*d + 466959. Give x(-16).
-1
Let t(s) = 11*s**3 - 76*s**2 + 61*s - 3. Determine t(6).
3
Let a(k) = 33*k**3 + 180*k**2 + 88*k + 10. Determine a(-5).
-55
Let l(i) = 5238*i - 42050. Determine l(8).
-146
Let j(a) = -78177*a + 390858. Determine j(5).
-27
Let o(w) = 606*w - 131480. Determine o(217).
22
Let w(j) = 468*j - 39702. Determine w(85).
78
Let f(v) = -v**2 - 166*v + 8735. Calculate f(42).
-1
Let l(r) = r**2 - 29*r - 761. Determine l(-20).
219
Let v(i) = 126*i**2 - 17643*i + 460. Give v(140).
40
Let a(k) = -2*k**3 + 53*k**2 + 8561*k - 88. What is a(80)?
-8
Let p(a) = -318925*a + 5740649. Give p(18).
-1
Let v(f) = 16*f**2 + 110*f + 1019. Calculate v(-15).
2969
Let g(j) = j**2 - 21584*j - 4818907. Determine g(-221).
-2
Let l(z) = z**2 + 1018*z - 171166. Determine l(147).
89
Let p(w) = -10*w**2 + 39*w - 451. What is p(10)?
-1061
Let o(d) = d**3 + 75*d**2 - 870*d - 69864. What is o(-74)?
-8
Let x(h) = -6*h**2 + 411*h + 2514. Determine x(-6).
-168
Let z(c) = 175*c**2 - 985*c + 5841. What is z(6)?
6231
Let g(o) = o**3 + 19*o**2 - 1622*o - 35156. Calculate g(-23).
34
Let j(w) = 6*w**3 + 94*w**2 - 18*w + 22. Calculate j(-15).
1192
Let p(m) = 46201*m - 369602. What is p(8)?
6
Let f(o) = -4*o**2 - 12*o + 144. Give f(-5).
104
Let b(l) = l**2 + 6030*l + 132174. Determine b(-22).
-2
Let p(g) = -5*g**2 - 77*g - 470. Give p(-6).
-188
Let q(u) = -u**2 - 92*u + 429. What is q(-34)?
2401
Let v(c) = -18228*c - 2096244. Give v(-115).
-24
Let v(q) = -q**3 + 31*q**2 - 387*q + 24795. Give v(38).
-19
Let q(r) = 6163*r**2 - 92442*r - 68. What is q(15)?
-23
Let g(u) = 15*u**3 + 2295*u**2 + 5*u + 515. Calculate g(-153).
-250
Let u(r) = 3*r**3 - 15*r**2 - 148*r + 1312. What is u(8)?
704
Let a(d) = d**3 - 180*d**2 - 944*d - 67. Calculate a(-5).
28
Let h(b) = 2*b**2 - 107*b - 515. Give h(58).
7
Let g(p) = -p**2 + 55*p + 1997. Calculate g(-15).
947
Let b(f) = -3259*f + 381309. Determine b(117).
6
Let u(j) = j**3 - 82*j**2 - 248*j - 1515. Calculate u(85).
-920
Let l(s) = -413*s + 575. Calculate l(1).
162
Let j(n) = -n**2 + 5043*n + 2489695. Give j(-453).
7
Let f(w) = -14*w**2 - 331*w - 1374. Calculate f(-5).
-69
Let l(o) = -96*o + 3241. Determine l(12).
2089
Let m(z) = -52807*z - 265638. What is m(-5)?
-1603
Let r(d) = 9494*d + 2202611. Give r(-232).
3
Let s(f) = -7*f**3 - 1118*f**2 - 4451*f + 37. Calculate s(-4).
401
Let l(t) = t**2 - 18222*t + 709139. Calculate l(39).
2
Let c(w) = w**2 + 443253*w + 9. Calculate c(0).
9
Let n(z) = -109*z - 6180. Calculate n(-12).
-4872
Let j(x) = 1391*x + 838756. Give j(-603).
-17
Let u(w) = w**2 + 391*w + 15295. What is u(-45)?
-275
Let f(v) = 27*v**2 - 3748*v - 711. What is f(139)?
-16
Let t(j) = j**3 - 154*j**2 + 3479*j + 26. Give t(27).
1376
Let y(t) = 35*t**2 + 184*t - 389. Determine y(2).
119
Let c(l) = 23502*l - 164572. Calculate c(7).
-58
Let h(o) = 3526*o + 6998. Give h(-2).
-54
Let u(q) = 83388*q + 1917919. Give u(-23).
-5
Let f(c) = c**3 - 5*c**2 - 13*c + 10. Calculate f(7).
17
Let d(o) = 33751*o - 135000. Determine d(4).
4
Let y(h) = h**3 - 112*h**2 - 2380*h + 5162. Determine y(130).
-38
Let a(w) = -5629*w + 28157. Calculate a(5).
12
Let a(l) = -l**3 - 4*l**2 + 197*l + 95. Determine a(13).
-217
Let s(d) = -d**3 